t the prime factors of a.
2, 3, 5
Suppose -12 = -5*x + 2*v, -4*x + 4 = -v - 5. Suppose 3*c + 3*g = -x*g + 283, -2*g = -3*c + 290. List the prime factors of c.
2, 3
Let t(a) = 25*a + 1. Let o be t(-3). Suppose -5*f = -19*p + 20*p + 48, 4*p - f = -171. Let v = p - o. What are the prime factors of v?
31
Let k be 6/(-3)*3/(-6). Suppose 2*w + 2 = 4*a - 12, -3*w - k = -a. Suppose -a*r = r - 120. List the prime factors of r.
2, 3
Suppose -u + 4 = 1. Suppose -76 = 3*p - 4*x - 440, 0 = 5*p + u*x - 568. Suppose 0 = 6*z - 2*z - p. List the prime factors of z.
29
Let f = 466 + -114. List the prime factors of f.
2, 11
Let p(o) = 8*o**2 - 3*o + 8. Let q(v) = -7*v**2 + 3*v - 7. Let u(z) = -6*p(z) - 7*q(z). What are the prime factors of u(8)?
41
Suppose 3*k + 5108 = 5*g, 3*g + 3*k - 4295 = -1211. List the prime factors of g.
2
Suppose 13 + 3 = 4*n. Suppose 2*z + n*u - 12 = -0*u, -4 = z - 3*u. Suppose a + z*j = 18 + 41, 0 = -4*j + 8. List the prime factors of a.
5, 11
Let m be (-8)/(-3) - 2/(-6). Suppose -77 = r - 96. Suppose m = -2*v + r. What are the prime factors of v?
2
Let m(n) = 94*n**3 + 22*n**2 - 6*n + 9. What are the prime factors of m(3)?
3, 101
Let t = -561 + 1035. List the prime factors of t.
2, 3, 79
Let u(a) be the second derivative of a**4/6 + 7*a**3/6 + a**2 - 2*a. Let n(y) = y - 8. Let o be n(3). List the prime factors of u(o).
17
Suppose -28 + 13 = -3*l. Let z be (-1098)/(l/(-2) - -1). List the prime factors of z/84 - (-4)/14.
3
Let j(r) = 1161*r + 31. What are the prime factors of j(1)?
2, 149
What are the prime factors of 43095/34 + 1/(-2)?
7, 181
Suppose -4*t = -2*t - 6. Suppose 2 + 61 = t*r - 3*s, -2*s = -3*r + 62. List the prime factors of 8/r + 69/15.
5
Suppose 1411 = -10*i + 11641. List the prime factors of i.
3, 11, 31
Let l = 54 + -10. Suppose 3*k - l = 217. Let w = k + -62. What are the prime factors of w?
5
Suppose 5*d = -84 - 31. Let v = d + 23. Suppose 2*h + 2*h - 212 = -2*r, v = -3*r. What are the prime factors of h?
53
Let l = -774 + 2020. What are the prime factors of l?
2, 7, 89
Let t be (-1 - 6/(-4))/(2/(-4)). List the prime factors of t + -1 + 0 - -10.
2
Let u = -6 - -2. Let s(b) = -3*b - 10. Let x be s(u). Suppose 66 = x*f - 42. What are the prime factors of f?
2, 3
Suppose -20 = -4*u, -5*v + 1015 = u + 2*u. Let w = -280 + 289. List the prime factors of (-3)/w + v/6.
3, 11
Let q = -95 - -174. List the prime factors of q.
79
Suppose 0 = -4*p + 20 + 76. Suppose -3*t = t + p. Let b(v) = -3*v + 10. What are the prime factors of b(t)?
2, 7
List the prime factors of (-601 + 6/(-2))*-1.
2, 151
Let z be ((-3)/2)/((-2)/16). Suppose 5*m + 5*g + 487 = m, 616 = -5*m + g. List the prime factors of m/(-11) + z/(-66).
11
Suppose -4*b = -0*b - 5*w + 14, -4 = -b + 5*w. Let a(n) = 2*n**2 + 2*n + 1. Let l be a(b). Let v = l - 20. What are the prime factors of v?
41
Let b(a) = -2*a**2 - 3*a - 5. Let n(i) = -i**2 - i. Let o be (0 + 2)/(-6 + 5). Let l(u) = o*n(u) - b(u). What are the prime factors of l(-4)?
7
Let n(o) = 57*o**2 - 9*o - 128. List the prime factors of n(-7).
2, 11, 31
Let o be (-4 + 13)/(0 + 1). Suppose -33 = 3*g + 3*w, -2*g - o = -2*w + 1. What are the prime factors of g + 5 - (0 - 5)?
2
Let u be (-4)/(-14) - (-7)/((-196)/(-104)). Suppose -2*n - u*n = -12. What are the prime factors of n?
2
List the prime factors of (-4)/6*(93 + -354).
2, 3, 29
Let t(x) = x - 14. Let d be t(3). Let n(s) = 2*s**2 + 17*s + 12. List the prime factors of n(d).
67
List the prime factors of (56 + 12 + -9)*(10 + -1).
3, 59
Let y be (28/5)/(6/15). Let f = 18 - y. Suppose 5*h - f*i = 112, 3*h = -h + 4*i + 92. List the prime factors of h.
2, 5
Let o be -4 + (183 - 2/(-2)). Suppose -4*y - 5*c = -o, 5*y - c + 0*c = 196. Suppose 3*u - y - 32 = 0. What are the prime factors of u?
2, 3
Let s(l) be the third derivative of -l**4/12 - 3*l**3/2 + 5*l**2. List the prime factors of s(-6).
3
Let m = 78 + 94. Suppose 183 = 5*w - m. List the prime factors of w.
71
Let w be 396/15 + (-9)/(-15). Let y = w + 108. List the prime factors of y.
3, 5
Let z be (-1845)/30*(-4)/6. Let r = -29 + z. List the prime factors of r.
2, 3
Let s be (1/(-1))/(3/(-27)). Let b be (-27)/12*24/s. List the prime factors of 1647/36 - b/(-8).
3, 5
Let x(u) = -u**3 - 4*u**2 + 8*u + 3. Let i be x(-5). What are the prime factors of -57*(40/i + 2)?
2, 19
Suppose -2*v - 142 = -0*v. List the prime factors of (-2)/((-8)/4) - v.
2, 3
Let t be (-2 + 10/6)/((-1)/(-417)). Let j = t + 268. List the prime factors of j.
3, 43
List the prime factors of 3*9/((-81)/(-984)).
2, 41
Suppose q = -3*f + 535, -2*f + 0*f - 1627 = -3*q. What are the prime factors of q?
541
List the prime factors of 7 - 1497*20/(-12) - 5.
11, 227
Let m(l) = 3*l - 4. Let q be m(2). Let b be 5 - (1 + (-1 - 0)). Suppose 19 = b*c - q*o - 13, -c = -2*o. List the prime factors of c.
2
Suppose 4*g - g = 6. Suppose -s = g*w + 2*s - 72, -5*w + 4*s = -226. List the prime factors of w.
2, 3, 7
Let g be (-2)/(-7) + (-1750)/(-49). Let d = -18 + g. What are the prime factors of (-4)/2*(-72)/d?
2
Suppose -5*z + 198 + 42 = 0. Let w = -12 + z. What are the prime factors of w?
2, 3
Suppose -5*r + 4*o + 22 = -0*o, -1 = -2*r - o. Suppose -3*q + 0*v - v = -79, -r*v = 5*q - 132. List the prime factors of q.
2, 13
Let y(i) = -21*i**3 + 4*i**2 + 6*i + 11. What are the prime factors of y(-5)?
2, 3, 11, 41
Let b(x) = x**3 + 20*x**2 - 2*x - 36. List the prime factors of b(-19).
3, 11
Let n(s) = -s**3 - 17*s**2 - 16*s - 4. Let r be n(-16). List the prime factors of r/((-16)/308) + -1.
2, 19
Let i be (164/3)/2*3. Let z = i - -23. What are the prime factors of z?
3, 5, 7
Let l(i) be the second derivative of i**5/20 + i**4/2 + 7*i**2 - 6*i. What are the prime factors of l(-6)?
2, 7
Let x be 1 - (-3)/(-6)*-6. Suppose -x*s + n = -213, -n + 57 = -2*s + 3*s. Suppose 3*g = g + s. What are the prime factors of g?
3
Let a = 1202 - 279. List the prime factors of a.
13, 71
Let v(x) be the second derivative of -x**4/6 - x**3/6 + 5*x**2/2 + 2*x. Let g be v(-5). Let s = -23 - g. List the prime factors of s.
17
Let c(n) = 2*n**2 - 25*n - 36. List the prime factors of c(14).
2, 3
Suppose -2*b - 2*t = -860, 3*b - 1335 = 4*t - 17. What are the prime factors of b?
2, 7, 31
Suppose -2*f + 3*x + 24 = -x, 5*f = -2*x + 84. Let o be -1*5*f/(-20). Suppose -2*g - 21 = -3*v, -v + o = -3*g - 10. What are the prime factors of v?
5
Let h = 3 + -5. Let a(f) = 12*f**2 + 6*f + 3. What are the prime factors of a(h)?
3, 13
Let n(a) = -a. Let y(g) = -2*g + 10. Let b(r) = -20*n(r) + 2*y(r). What are the prime factors of b(5)?
2, 5
Suppose 4*d + 248 = -0*d. Suppose -3*c = -779 + 425. Let y = c + d. What are the prime factors of y?
2, 7
Let m be 256/40 + -7 + 76/10. Let o = 110 + m. List the prime factors of o.
3, 13
Suppose -2*v + 21 = v. Suppose -10*r = -v*r - 156. What are the prime factors of r?
2, 13
Suppose 4*n = -3*a + 33, 2*a = -2*n + a + 15. Suppose n*g = 2*g. What are the prime factors of 24 - (g + 3/(-3))?
5
Let f(k) = k**2 + 8*k + 18. Let j be f(-9). List the prime factors of (-506)/(-9) - 6/j.
2, 7
Let o(i) = i. Let s be o(3). Let r(c) = -c**2 - c - 2*c - 2*c + s*c + c**3. List the prime factors of r(4).
2, 5
Let a be ((-44)/(-8) - -2)*2. Let n = a - 12. Suppose n*u - 7*u = -108. What are the prime factors of u?
3
Let z = -2424 + 5188. List the prime factors of z.
2, 691
Let c be (9 - 8) + (-97)/1. Let r = c + 194. List the prime factors of r.
2, 7
Let j(u) = -17*u + 5. Let m be j(3). Let t = 214 - m. What are the prime factors of t?
2, 5, 13
Let k(s) = s**2 + 4*s + 1. Let h be k(-4). List the prime factors of (-1 + (-1)/h)*21/(-2).
3, 7
Suppose -3*l + 5*c + 15 = 0, -2*l = -3*l - c + 5. Let h be -24*(1 + (-6)/4). Let w = h - l. What are the prime factors of w?
7
Let m(w) = 49*w**2 - 4*w + 7. Let q be m(2). Let g = -92 + q. What are the prime factors of g?
103
Let t(q) = 38*q - 8. Let s(p) = 13*p - 3. Let l(g) = -17*s(g) + 6*t(g). Let k(x) = x. Let a(b) = -4*k(b) + l(b). List the prime factors of a(8).
3
Suppose 3*k + 36 = -6. Let l = -12 - k. Suppose -l*y - 236 = -6*y. List the prime factors of y.
59
Let u(i) = -3*i**3 - 9*i**2 + i - 3. Let g be u(-3). Let r(p) = 3*p - 5 - 4*p - 2*p. List the prime factors of r(g).
13
Let j(h) = -10*h**2 + 146*h + 6. List the prime factors of j(13).
2, 